+ 162*c**2 - 41*c + 3727. Calculate t(162).
-2915
Let y(u) = -9366*u - 290343. What is y(-31)?
3
Let q(u) = u**2 + 175*u + 6525. Calculate q(-56).
-139
Let y(u) = -2*u**3 - 31*u**2 + 13954*u + 223009. Calculate y(-16).
1
Let p(u) = u**3 + 50*u**2 + 102*u + 514. Give p(-48).
226
Let l(f) = -40*f**2 + 340*f - 27. Calculate l(9).
-207
Let w(i) = -i**3 - 222*i**2 - 654*i + 602. What is w(-219)?
-55
Let o(j) = 6426*j + 115661. Give o(-18).
-7
Let z(m) = -5430*m + 260648. Calculate z(48).
8
Let o(l) = -83*l**3 + 5*l**2 - 814*l + 2429. Calculate o(3).
-2209
Let d(s) = 2224*s - 13842. What is d(6)?
-498
Let y(v) = -1593*v - 576132. Give y(-362).
534
Let l(g) = 6*g**2 - 21*g - 14841. Give l(-48).
-9
Let r(t) = t**3 + 187*t**2 - 1979*t + 81. What is r(10)?
-9
Let x(u) = -55*u + 2315. Give x(39).
170
Let z(s) = 32*s**2 + 3978*s + 5226. Calculate z(-123).
60
Let q(k) = 13*k**2 + 30*k + 61. Give q(-10).
1061
Let c(y) = -y**2 - 129*y - 4014. Give c(-56).
74
Let g(t) = 3*t**2 + 416*t - 1590. Determine g(-142).
-170
Let j(n) = 14*n**3 - 84*n**2 - 9*n + 398. Calculate j(5).
3
Let g(n) = -534*n + 120945. Determine g(226).
261
Let p(v) = -v**3 + 794*v**2 - 3170*v + 32. Give p(4).
-8
Let q(w) = -115*w**2 + 831*w - 104. Determine q(7).
78
Let q(z) = -928*z + 226443. Give q(244).
11
Let s(l) = -27*l**3 - 9*l**2 + 86*l - 236. What is s(3)?
-788
Let w(z) = -2483*z - 89407. What is w(-36)?
-19
Let n(b) = 65177*b - 65218. What is n(1)?
-41
Let u(d) = -66*d - 1333. Calculate u(-17).
-211
Let t(j) = j**3 + 46*j**2 - 985*j - 72. What is t(-62)?
-506
Let g(d) = -d**3 + 65*d**2 + 89*d - 1477. Give g(66).
41
Let l(y) = 367*y**2 - 354*y + 19. Give l(1).
32
Let n(f) = -f**2 - 8122*f - 40583. Determine n(-5).
2
Let b(t) = -t**3 - 8*t**2 - 869*t - 6996. Determine b(-8).
-44
Let j(a) = -158*a**3 + 795*a**2 - 5*a + 18. Calculate j(5).
118
Let k(p) = -p**3 - 75*p**2 - 903*p - 55183. Determine k(-73).
78
Let j(g) = g**2 + 127*g - 499. What is j(-109)?
-2461
Let h(u) = u**3 - 293*u**2 - 2307*u - 30409. What is h(301)?
-8
Let q(w) = 273770*w + 547460. Determine q(-2).
-80
Let a(y) = -47*y**2 - 219*y - 190. Determine a(-2).
60
Let x(l) = -5*l**3 + 27*l**2 - 7*l - 12. Calculate x(4).
72
Let s(h) = -h**3 + 47*h**2 - 150*h - 854. Determine s(43).
92
Let j(x) = -34*x**3 + 2891*x**2 - 46*x - 3310. Calculate j(85).
5
Let s(a) = 2*a**3 + 13*a**2 - 81*a - 353. Calculate s(7).
403
Let w(l) = 3*l**2 - 5031*l - 3583268. Give w(2216).
4
Let k(j) = j**3 + 66*j**2 + 1521*j + 10069. What is k(-11)?
-7
Let p(t) = t**2 - 1286*t - 24800. Determine p(-19).
-5
Let r(n) = n**3 + 57*n**2 + 780*n + 347. What is r(-35)?
-3
Let g(u) = u**3 + 103*u**2 + 213*u - 8640. Determine g(-100).
60
Let h(m) = m**3 - 83*m**2 - 5750*m + 102091. Determine h(123).
1
Let b(l) = l**3 + 54*l**2 - 1815*l - 37. Calculate b(23).
-1049
Let s(t) = t**3 + 52*t**2 + 49*t - 1260. Give s(-50).
1290
Let f(j) = j**3 - 11*j**2 - 296*j - 1442. Calculate f(25).
-92
Let k(g) = -8*g**3 + 82*g**2 - 720*g + 7012. What is k(10)?
12
Let k(j) = j**3 - 114*j**2 - 981*j + 445. Give k(122).
-165
Let i(d) = -d**2 - 3611*d - 18018. Determine i(-5).
12
Let x(u) = 16*u**2 - 525*u - 6185. Calculate x(-11).
1526
Let a(x) = x**3 + 39*x**2 + 283*x - 281. Determine a(-11).
-6
Let v(r) = 2*r**2 + 5108*r + 381472. Give v(-77).
14
Let i(y) = y**2 - 6539*y - 2209338. Determine i(-322).
-96
Let b(z) = z**3 - 41*z**2 + 2482*z - 97740. Give b(40).
-60
Let x(r) = -123*r**2 + 823*r + 148. Calculate x(7).
-118
Let j(v) = 65*v**2 - 1255*v + 13. Give j(18).
-1517
Let g(n) = -35525*n - 214106. Give g(-6).
-956
Let r(q) = -457*q - 3722. What is r(0)?
-3722
Let z(l) = 6*l**3 - l**2 + 44*l - 2878. Determine z(0).
-2878
Let d(u) = 14012*u + 70075. What is d(-5)?
15
Let h(z) = -2*z**2 - 171*z - 6146. Give h(-49).
-2569
Let g(i) = i**3 + 13*i**2 - 44*i - 1. Determine g(3).
11
Let r(c) = -c**2 - 1380*c - 90429. Give r(-69).
30
Let l(b) = -473913*b - 9004336. What is l(-19)?
11
Let v(m) = 4*m**2 - 474*m - 86306. Determine v(-99).
-176
Let i(u) = -2*u**3 + 29*u**2 - 111*u + 62. What is i(0)?
62
Let n(f) = -934*f + 10336. Give n(11).
62
Let h(s) = 9983*s**2 - 69879*s - 37. Determine h(7).
-23
Let f(i) = 29813*i**2 - 59769*i. Determine f(2).
-286
Let n(o) = 23256*o + 627896. Calculate n(-27).
-16
Let g(a) = -39*a**2 - 3990*a - 1094. Give g(-102).
130
Let x(g) = -g**3 - 14*g**2 + 437*g - 522. Calculate x(-28).
-1782
Let w(m) = 1639*m - 60510. Determine w(37).
133
Let g(p) = p**3 + 24*p**2 - 2259*p + 62. Determine g(37).
-12
Let r(p) = 1029*p - 39083. Give r(38).
19
Let n(q) = 232*q - 7692. Give n(26).
-1660
Let s(w) = 35198*w + 35311. Calculate s(-1).
113
Let r(s) = -43485*s + 3826684. What is r(88)?
4
Let q(a) = -110*a**2 + 765*a + 3804. What is q(-5)?
-2771
Let o(l) = l**2 - 160*l + 3580. What is o(95)?
-2595
Let k(x) = -2*x**2 + 479*x - 16932. Give k(196).
120
Let p(z) = -4880*z + 78098. Give p(16).
18
Let u(w) = 2*w**2 + 51*w + 215. What is u(-15)?
-100
Let c(w) = 18*w**2 - 999*w - 6030. Give c(61).
9
Let y(w) = 540*w - 34068. What is y(63)?
-48
Let b(u) = 1662*u - 36449. Give b(22).
115
Let m(y) = -3450*y**2 - 44861*y - 30. Calculate m(-13).
113
Let r(h) = -27997*h - 56072. Give r(-2).
-78
Let v(t) = -t**2 + 288*t + 198302. Give v(-324).
14
Let l(k) = -2*k**2 + 882*k + 18952. Determine l(-21).
-452
Let l(k) = -k**3 - 19*k**2 + 22*k + 1223. Calculate l(-18).
503
Let a(n) = -757*n + 4606. Give a(7).
-693
Let u(k) = k**3 - 49*k**2 - 320*k - 667. Determine u(55).
-117
Let l(f) = -4993*f - 1148356. Give l(-230).
34
Let x(s) = s**2 - 172*s - 45033. Determine x(-143).
12
Let c(y) = -486*y - 121505. What is c(-250)?
-5
Let t(y) = -17*y**2 + 1055*y - 15947. What is t(26)?
-9
Let y(k) = 311849*k - 65488289. Give y(210).
1
Let d(o) = -7*o**2 + 18*o + 7. What is d(12)?
-785
Let h(w) = -5*w**3 + 1082*w**2 + 653*w - 428. What is h(217)?
6
Let s(y) = 6048*y + 2969584. Give s(-491).
16
Let y(w) = -w**3 - 282*w**2 - 1242*w - 36135. Calculate y(-278).
5
Let t(u) = -u**3 + 22*u**2 + 84*u - 2785. Determine t(17).
88
Let j(d) = -8447*d**2 + 498378*d - 302. What is j(59)?
-7
Let x(d) = -6*d**2 + 503*d + 4793. What is x(-9)?
-220
Let t(p) = 2*p**2 - 93*p + 1254. Give t(23).
173
Let q(g) = -91536*g + 457657. Calculate q(5).
-23
Let i(m) = 12*m**2 - 289*m - 3299. What is i(-11)?
1332
Let k(q) = 143*q**2 - 5581*q + 152. Give k(39).
-4
Let c(x) = -45695*x + 91163. Calculate c(2).
-227
Let y(q) = -q**2 - 2*q + 45. What is y(-10)?
-35
Let b(f) = -2396*f + 2376. Determine b(1).
-20
Let w(q) = q**2 - 31107*q + 186599. Give w(6).
-7
Let o(h) = -3249990*h + 16249951. Give o(5).
1
Let c(w) = 27*w**2 - 580*w + 62. Determine c(17).
-1995
Let i(b) = 2*b**3 + 359*b**2 + 163*b - 1351. Give i(-179).
1513
Let z(x) = 2*x**2 + 2532*x + 487810. Calculate z(-237).
64
Let d(r) = -609777*r + 3658587. What is d(6)?
-75
Let t(y) = -473*y + 14222. Calculate t(30).
32
Let b(w) = -w**3 + 172*w**2 - 6242*w + 92. What is b(52)?
-12
Let q(n) = -503329*n - 12079902. Give q(-24).
-6
Let f(k) = k**3 + 110*k**2 + 991*k + 27808. What is f(-103)?
-2
Let p(l) = -l**3 - 21*l**2 + 9*l - 182. Give p(-15).
-1667
Let o(g) = -3*g**2 + 14*g + 180565. What is o(-243)?
16
Let d(u) = -6*u**2 + 67533*u - 4564495. Give d(68).
5
Let v(c) = -c**3 - 87*c**2 - 220*c + 2810. Give v(-84).
122
Let q(y) = 8*y**2 - 2492*y - 97015. Determine q(-35).
5
Let b(y) = y**2 - 11*y - 2264. Calculate b(52).
-132
Let l(n) = -2*n**2 + 466*n - 26474. Give l(96).
-170
Let x(n) = 6*n**2 + 494*n + 2748. Determine x(-72).
-1716
Let n(r) = 7516*r - 90531. Determine n(12).
-339
Let q(w) = -30371*w + 121990. Determine q(4).
506
Let j(u) = 21*u - 1772. Determine j(46).
-806
Let z(q) = 20982*q + 35690374. Calculate z(-1701).
-8
Let j(z) = 6*z**2 + 193*z - 3831. Calculate j(14).
47
Let y(u) = u**3 - 129*u**2 - 4610*u - 367. Calculate y(158).
-4791
Let c(j) = 2*j**3 + 917*j**2 + 4993*j + 4523. Give c(-453).
-7
Let c(g) = -3447*g + 24136. Give c(7).
7
Let k(x) = 3*x**2 + 603*x - 56009. Determine k(69).
-119
Let g(o) = 7220*o + 29017. Give g(-4).
137
Let c(b) = 21044*b - 105028. What is c(5)?
192
Let b(y) = -y**2 - 112*y - 1048. Give b(-9).
-121
Let z(o) = 4033*o + 40632. Give z(-10).
302
Let x(t) = -19788*t - 474919. What is x(-24)?
-7
Let v(t) = -2*t**3 + 1011*t**2 - 489*t - 7512